{"id":92,"date":"2020-10-16T15:45:13","date_gmt":"2020-10-16T13:45:13","guid":{"rendered":"http:\/\/fos31.fr\/?page_id=92"},"modified":"2020-11-03T18:23:57","modified_gmt":"2020-11-03T17:23:57","slug":"dechetterie","status":"publish","type":"page","link":"https:\/\/fos31.fr\/index.php\/dechetterie\/","title":{"rendered":"DECHETTERIE"},"content":{"rendered":"\n<p><\/p>\n\n\n\n<p>La D\u00e9chetterie de G\u00e9ry est ouverte du Mardi au Samedi.<\/p>\n\n\n\n<pre class=\"wp-block-preformatted\">Coordonn\u00e9es GPS : <a href=\"https:\/\/goo.gl\/maps\/ny4WgisWV8EAJWwM9\" target=\"_blank\" rel=\"noreferrer noopener\">42\u00b055'06.2\"N 0\u00b040'37.9\"E<\/a> ou <a href=\"https:\/\/goo.gl\/maps\/ny4WgisWV8EAJWwM9\" target=\"_blank\" rel=\"noreferrer noopener\">42.918379, 0.677199<\/a>\n<a href=\"https:\/\/www.google.com\/maps\/dir\/Fos,+31440\/42.9183889,0.6771944\/@42.8961529,0.6772863,12.75z\/data=!4m8!4m7!1m5!1m1!1s0x12a892aabbe7ff4b:0x406f69c2f4126d0!2m2!1d0.736588!2d42.872381!1m0!5m1!1e4\" target=\"_blank\" rel=\"noreferrer noopener\">Itin\u00e9raire depuis Fos<\/a><\/pre>\n\n\n\n<p>Horaires : 08H30 &#8211; 12H00 \/ 14H00 &#8211; 17H30<\/p>\n\n\n\n<p>T\u00e9l : 06 86 77 80 29<\/p>\n\n\n\n<p>Avis de la communaut\u00e9 de commune pour le p\u00e9riode du confinement :<\/p>\n\n\n\n<figure class=\"wp-block-image size-large\"><img loading=\"lazy\" width=\"724\" height=\"1024\" src=\"https:\/\/fos31.fr\/wp-content\/uploads\/2020\/11\/decheterie_st_go-724x1024.jpg\" alt=\"\" class=\"wp-image-1812\" srcset=\"https:\/\/fos31.fr\/wp-content\/uploads\/2020\/11\/decheterie_st_go-724x1024.jpg 724w, https:\/\/fos31.fr\/wp-content\/uploads\/2020\/11\/decheterie_st_go-212x300.jpg 212w, https:\/\/fos31.fr\/wp-content\/uploads\/2020\/11\/decheterie_st_go-768x1086.jpg 768w, https:\/\/fos31.fr\/wp-content\/uploads\/2020\/11\/decheterie_st_go.jpg 843w\" sizes=\"(max-width: 724px) 100vw, 724px\" \/><\/figure>\n","protected":false},"excerpt":{"rendered":"<p>La D\u00e9chetterie de G\u00e9ry est ouverte du Mardi au Samedi. Coordonn\u00e9es GPS : 42\u00b055&rsquo;06.2&Prime;N 0\u00b040&rsquo;37.9&Prime;E ou 42.918379, 0.677199 Itin\u00e9raire depuis<\/p>\n","protected":false},"author":1,"featured_media":0,"parent":0,"menu_order":0,"comment_status":"closed","ping_status":"closed","template":"","meta":[],"_links":{"self":[{"href":"https:\/\/fos31.fr\/index.php\/wp-json\/wp\/v2\/pages\/92"}],"collection":[{"href":"https:\/\/fos31.fr\/index.php\/wp-json\/wp\/v2\/pages"}],"about":[{"href":"https:\/\/fos31.fr\/index.php\/wp-json\/wp\/v2\/types\/page"}],"author":[{"embeddable":true,"href":"https:\/\/fos31.fr\/index.php\/wp-json\/wp\/v2\/users\/1"}],"replies":[{"embeddable":true,"href":"https:\/\/fos31.fr\/index.php\/wp-json\/wp\/v2\/comments?post=92"}],"version-history":[{"count":4,"href":"https:\/\/fos31.fr\/index.php\/wp-json\/wp\/v2\/pages\/92\/revisions"}],"predecessor-version":[{"id":1813,"href":"https:\/\/fos31.fr\/index.php\/wp-json\/wp\/v2\/pages\/92\/revisions\/1813"}],"wp:attachment":[{"href":"https:\/\/fos31.fr\/index.php\/wp-json\/wp\/v2\/media?parent=92"}],"curies":[{"name":"wp","href":"https:\/\/api.w.org\/{rel}","templated":true}]}}