{"id":109,"date":"2020-10-18T18:36:06","date_gmt":"2020-10-18T16:36:06","guid":{"rendered":"http:\/\/fos31.fr\/?page_id=109"},"modified":"2020-11-04T11:52:26","modified_gmt":"2020-11-04T10:52:26","slug":"lecole-de-fos","status":"publish","type":"page","link":"https:\/\/fos31.fr\/index.php\/lecole-de-fos\/","title":{"rendered":"L&rsquo;\u00e9cole de Fos"},"content":{"rendered":"\n<p><\/p>\n\n\n\n<h2 class=\"has-text-align-center\"><strong>Ecole Publique<\/strong><\/h2>\n\n\n\n<div class=\"wp-block-image\"><figure class=\"alignleft size-large\"><img loading=\"lazy\" width=\"259\" height=\"195\" src=\"https:\/\/fos31.fr\/wp-content\/uploads\/2020\/10\/Ecole_de_Fos.jpg\" alt=\"\" class=\"wp-image-110\"\/><figcaption>Ecole Publique de <strong>Fos<\/strong><\/figcaption><\/figure><\/div>\n\n\n\n<p class=\"has-text-align-center\"><strong>T\u00e9l : 05 61 79 23 50<\/strong><br>Horaires d&rsquo;ouverture<br>Lundi, Mardi, Jeudi, Vendredi : 09h00 \u00e0 16h30<br>Mercredi : 09h00 \u00e0 12h00<\/p>\n\n\n\n<p>Construit au d\u00e9but du XXe si\u00e8cle l\u2019\u00e9dification de ce grand b\u00e2timent a \u00e9t\u00e9 laborieuse. La grande guerre retardera les travaux : main d\u2019oeuvre partie au front, co\u00fbt des mat\u00e9riaux.<\/p>\n","protected":false},"excerpt":{"rendered":"<p>Ecole Publique T\u00e9l : 05 61 79 23 50Horaires d&rsquo;ouvertureLundi, Mardi, Jeudi, Vendredi : 09h00 \u00e0 16h30Mercredi : 09h00 \u00e0<\/p>\n","protected":false},"author":1,"featured_media":0,"parent":0,"menu_order":0,"comment_status":"closed","ping_status":"closed","template":"","meta":[],"_links":{"self":[{"href":"https:\/\/fos31.fr\/index.php\/wp-json\/wp\/v2\/pages\/109"}],"collection":[{"href":"https:\/\/fos31.fr\/index.php\/wp-json\/wp\/v2\/pages"}],"about":[{"href":"https:\/\/fos31.fr\/index.php\/wp-json\/wp\/v2\/types\/page"}],"author":[{"embeddable":true,"href":"https:\/\/fos31.fr\/index.php\/wp-json\/wp\/v2\/users\/1"}],"replies":[{"embeddable":true,"href":"https:\/\/fos31.fr\/index.php\/wp-json\/wp\/v2\/comments?post=109"}],"version-history":[{"count":3,"href":"https:\/\/fos31.fr\/index.php\/wp-json\/wp\/v2\/pages\/109\/revisions"}],"predecessor-version":[{"id":1816,"href":"https:\/\/fos31.fr\/index.php\/wp-json\/wp\/v2\/pages\/109\/revisions\/1816"}],"wp:attachment":[{"href":"https:\/\/fos31.fr\/index.php\/wp-json\/wp\/v2\/media?parent=109"}],"curies":[{"name":"wp","href":"https:\/\/api.w.org\/{rel}","templated":true}]}}